 o, w + 14 = -2*a. Let i = w - -12. Let v(p) = -p - 5. Determine v(i).
-1
Let j(i) = i**2 + 2*i + 2. Let f(s) = -2*s**3 - s**2 - s + 1. Let m be f(1). Let y(b) = b**3 + 3*b**2 + 5*b + 11. Let v be y(m). What is j(v)?
10
Let c be -1 - (2 - (1 + 2)). Suppose 2*f = -8, -3*k = -c*f - 5*f - 14. Let m(o) = 2*o - 2. What is m(k)?
-6
Let v(x) be the third derivative of x**4/6 - x**3 - x**2. Suppose -15*b + 16*b - 85*b + 336 = 0. Give v(b).
10
Let b(f) = 15 + 10 - 38 + 16 - 5*f + 4*f + f**2. Determine b(2).
5
Let l(q) be the second derivative of -2*q**3/3 - q**2/2 + q. Let d be (-302)/8 + ((-45)/(-20))/(-9). Let n = -41 - d. Determine l(n).
11
Suppose 0 = 3*d + 2 + 22. Let i(s) be the third derivative of -s**6/120 - 3*s**5/20 - s**4/3 - 5*s**3/6 - 11*s**2. Calculate i(d).
-5
Let f = -30 - -34. Let c(g) = 4*g**2 - 5 - f + 10 + g**3 - 8*g - 8. Calculate c(-5).
8
Suppose -z - 2*z = -33. Let l(j) = j**2 - 11*j - 6. Let u be l(z). Let f(h) = 4*h + 0*h - 3*h + 0*h + 7. Determine f(u).
1
Suppose 4*j = -2*b + 5 + 17, 0 = -4*b - j + 23. Suppose -p + b = -2*k, -6*p + 2*k = -p - 25. Let m(z) = -z**2 + 5*z - 4. Calculate m(p).
-4
Let c(a) = 2*a - 6. Let k be c(4). Let b(f) = f**k + 3*f + 2*f**3 - 3*f**3 + 10 - 7. Suppose 5*p + 25 = 5*q - 10*q, 0 = 4*p - 4*q - 4. What is b(p)?
9
Let r(b) = b**3 + b**2 - 7*b + 1. Let a(k) = -k**2 + k. Let m(o) = -3*a(o) - r(o). Determine m(3).
2
Let h(v) = v - 7. Let r(l) = l - 4. Let a(s) = 2*h(s) - 3*r(s). Suppose -8 = -5*w + 12. Suppose -2*t = w - 12. What is a(t)?
-6
Let v(m) be the third derivative of m**6/360 + m**5/120 - m**4/24 + m**3 + 9*m**2. Let o(l) be the first derivative of v(l). Determine o(1).
1
Let n(c) = -c**2 + c + 7. Suppose -2*r = -5*r + 24. Suppose 0 = -r*v + 3*v + 6*v. Calculate n(v).
7
Let x(w) = -w**2 - 3*w - 3. Let c be x(-3). Let z(i) = 238*i + 0 + 1 - 3 - 241*i. Calculate z(c).
7
Let i be (3*(-3)/6 + 1)*-306. Let w(x) = -73 + 3*x - 75 + i. Give w(-4).
-7
Let h(w) = 4*w - 871 - 8*w + 892. What is h(5)?
1
Let h(t) be the first derivative of -t**2 - 2*t + 348. What is h(-1)?
0
Let d(s) = s**3 - 2*s**2 + 0*s**3 + 13*s - 11*s - 3. Suppose -16 = x - 18. Give d(x).
1
Let s(w) be the third derivative of w**7/2520 + w**6/120 - 3*w**5/40 - w**4/2 + 18*w**2. Let k(q) be the second derivative of s(q). What is k(-7)?
-2
Suppose -6 = 2*t, t + 15 - 36 = 4*a. Let m be (-2 - -5) + 0 - 0/a. Let z(w) = 2*w**3 - 4*w**2. What is z(m)?
18
Let p(b) = -b**3 + 6*b**2 - 3*b - 6. Let w be p(5). Let t(j) = -5*j + 0*j - 3 - 2*j + w*j. Determine t(-4).
9
Let k(u) = 7*u**3 + 6*u**2 - 13*u - 42. Let r(q) = 13*q**3 + 11*q**2 - 24*q - 83. Let n(v) = -11*k(v) + 6*r(v). Calculate n(0).
-36
Let u(b) = 13*b**3 - b**2 + 9*b. Let d(s) = 10*s**3 - s**2 + 7*s + 1. Let z(q) = -4*d(q) + 3*u(q). What is z(0)?
-4
Let q(p) = -p**3 + 8*p**2 - 8*p + 5. Suppose -2*g + 3*g - 3 = 0, 5*n + g - 38 = 0. Determine q(n).
-2
Let i be (-1 + -26)/9 - 3*(-3 + 2). Let x(p) = 5*p - 4*p - 5 + 2 - 2. Give x(i).
-5
Let t(w) = w + 4. Let b be t(-5). Let u = b - -2. Let y(m) be the third derivative of m**5/60 + m**3/6 + 10*m**2 + 5*m. Calculate y(u).
2
Let h(q) be the third derivative of -1/3*q**3 - 1/8*q**4 + 0 - 6*q**2 + 0*q. Determine h(2).
-8
Let s(y) = -y. Let h(g) = g**3 - 17*g**2 - 58*g - 44. Let x be h(20). What is s(x)?
4
Let k(y) = -1 + 3 - 1 + 3*y - 4*y - 5*y**2. Let l = 6 - 5. What is k(l)?
-5
Let u(f) = -f**2 - 2*f - 4. Let y = 554 + -559. What is u(y)?
-19
Let f(g) be the third derivative of g**6/120 + g**5/20 - g**4/6 + g**3/2 - 42*g**2 + g. Give f(-4).
3
Let t(o) = 4*o**2 - o - 5*o**3 - 4*o**3 + 2*o**3 - 2 + 5*o**3. Let f = -35 + 35. Suppose f*a - 4*a = -8. Calculate t(a).
-4
Let k(v) = -v**3 + 2*v**2 + v. Let p(w) = 3*w - 7. Let r be p(8). Suppose 5 = -x + f + r, x = -4*f + 12. Let z = x + -9. Give k(z).
-6
Let n = -199 - -206. Let z(l) = 3*l - 2. Calculate z(n).
19
Suppose 2*j = 2, -6*j = 3*c - j - 23. Let r(d) = -d**2 + 5*d + 5. Give r(c).
-1
Suppose -3*n - 29*n = 96. Let z(x) = 6*x**2 + 3*x. Give z(n).
45
Let j(c) = c**2 + c + 1. Let q(l) = -6*l**2 + l - 1. Let a = 114 + -109. Let u(g) = a*j(g) + q(g). What is u(6)?
4
Let l(s) = -19*s**2 + 3*s + 0 - 2 + 20*s**2. Let p(j) be the third derivative of j**5/30 + 5*j**4/12 + j**3/3 + 13*j**2. Let h be p(-5). Calculate l(h).
8
Suppose -5*o - 9 = -3*y, 4*o + 3 + 12 = 5*y. Let i(l) = o*l + 2*l + l - 4*l. Calculate i(5).
-5
Let r = 34 + -32. Suppose r*x - 6*u - 41 = -u, -4*x + 7 = 5*u. Let i(l) = l**3 - 7*l**2 - 7*l - 1. Calculate i(x).
7
Let k(p) = p**2 - 47*p - 75*p + 120*p. What is k(3)?
3
Let l(n) = -n + 2. Suppose j + x + 18 - 21 = 0, -j = 4*x. Suppose 2*k + k - 60 = 0. Suppose 2*s - 4*s = 5*w - 28, -w + k = j*s. Give l(w).
-2
Let j(d) be the third derivative of -d**4/24 - 5*d**3/6 + 33*d**2. Give j(8).
-13
Let c(i) be the first derivative of i**4/4 + 4*i**3/3 + i**2/2 + i - 23. Determine c(-3).
7
Let m(y) = -11*y + 174. Let w be m(17). Let f(t) = -2*t**2 - 27*t - 15. What is f(w)?
-2
Let b(n) be the first derivative of -n**4/4 - 5*n**3/3 + 3*n**2 - 8*n - 6. Calculate b(-6).
-8
Let u(p) = -p**2 + 8*p - 6. Let w(s) = -s**3 + 5*s**2 + s. Let o be w(5). Let t be u(o). Let f = -9 + t. Let n(d) = -d + 2. Give n(f).
2
Let a(h) be the second derivative of h**4/12 - h**3 + 230*h. Determine a(4).
-8
Let l(c) = -2 + c**2 + 4*c**2 + 2*c - 3*c - 4*c**2. Let b(j) = -j**2 + 19*j + 69. Let d be b(-3). What is l(d)?
4
Let v = 163 - 158. Let u(j) = -3*j - 1 - 4*j - 6 + 14 + j**3 - v*j**2. Determine u(6).
1
Let u(j) = 0 - 7 + j + 1 + 0. What is u(5)?
-1
Let g(t) = -t**3 - 5*t**2 - 5*t - 4. Let d(h) be the first derivative of -h**2 + 20*h + 25. Let x be d(12). Give g(x).
0
Let l(g) = 36*g - g**2 + 5 - 1 - 39*g. Let n(m) = -m**3 + 6*m**2 - 5*m - 6. Let s be n(5). Determine l(s).
-14
Let n(m) = m**2 - m - 5. Suppose 4*a = -4*d, 4*d = -3*a - 1 + 6. Suppose 9 = d*f - 11. Suppose f*q - 9*q = -20. Determine n(q).
7
Let h(t) = 4*t - t - 10 - 2*t. Let c = 1738 - 1738. Give h(c).
-10
Let x(c) = 2*c**2 + 3*c - 5. Let y(d) = 5*d**2 + 7*d - 12. Let g(p) = -9*x(p) + 4*y(p). Give g(-4).
25
Suppose 18*n + 21 = 15*n. Let x(c) = c**2 + 8*c + 4. Let j be x(n). Let f(r) be the first derivative of 5*r**2/2 - 2*r + 1. Determine f(j).
-17
Let p(x) = -x**2 - 7*x - 3. Suppose 4*y - 14 - 2 = 0. Suppose 20 = y*f - 8*f. Calculate p(f).
7
Let s be -1 + 2/(-2) + 2. Let i(j) be the third derivative of j**6/120 - j**4/24 - j**3/3 - 20*j**2. What is i(s)?
-2
Let k be (-1 - (2 + -3)) + 13. Suppose 0 = b - 5*f + f + 2, 5*b - k = -3*f. Let j(i) = 2 + i - i**3 + 2*i**b + i**2 - 6*i**2. Give j(-3).
-1
Let a(c) = -4*c**2 - 36*c - 1. Let p(k) = 5*k**2 + 24*k + 1. Let h(o) = 2*a(o) + 3*p(o). Let b = 2 + -3. What is h(b)?
8
Let b(l) be the third derivative of l**4/12 - l**3 + 30*l**2. Let o be (-1 + -3)/(-1 + 0). Calculate b(o).
2
Let p = -48 + 49. Let s(j) = p + 6 + 14 + j - 6. Determine s(-10).
5
Let z(w) = -w**3 - 12*w**2 - 12*w + 9. Suppose -93 + 27 = 6*q. Give z(q).
20
Let x(d) = -d**2 + 4*d + 18. Suppose 111 + 141 = 42*z. Give x(z).
6
Let q(n) = 542*n - 538*n - 5 + 56*n**2 - 63*n**2 + n**3. What is q(7)?
23
Let o = -104 + 111. Let f(v) be the third derivative of -v**6/120 + 2*v**5/15 - v**4/4 - 4*v**3/3 + 4*v**2. Determine f(o).
-1
Let o(z) = -5*z + 1. Let f be 6/2 + (-6 - -6). Suppose 0 = 2*q - q - f. Suppose -2*u = 0, -6*m + q*u + 5 = -m. Determine o(m).
-4
Let w(c) = c**3 + c**2 - 3. Let g = 185 - 128. Let m be (-76)/g + (-4)/(-3). Calculate w(m).
-3
Suppose -p + 5 = -1. Let n(t) = -2*t + 7*t + p + 0*t + t**2. Suppose -129*m + 75 = -144*m. Calculate n(m).
6
Let x(j) = -15*j**3 - j + 1. Let q(n) = -n**3 - 46*n**2 - 49*n - 179. Let o be q(-45). What is x(o)?
-15
Let t(p) = -p**3 + 6*p**2 - p - 2. Let r = -8 - -2. Let z be 58/18 - r/(-27). Let s be (-2)/z + (-20)/(-3). What is t(s)?
-8
Let g(x) = 2*x - 4. Let k be 6/27 + 350/126. Determine g(k).
2
Let s(b) be the first derivative of -b**3/6 + 8*b**2 - 41*b - 8. Let v(j) be the first derivative of s(j). Give v(7).
9
Let m(n) be the second derivative of 0 + 1/12*n**4 + 4*n - 1/3*n**3 + n**2. Determine m(4).
10
Let i be ((-3)/(-9))/((-1)/3). Let s(v) be the first derivative of -9*v**4/2 - v**3/3 - v**2/2 - 5. What is s(i)?
18
Let h(m) = -3*m**2 - 13*m - 2. Let z(d) = -2*d**2 - 6*d - 1. Suppose -5*a + 40 = 3*